est common factor of s and r.
2
Suppose -2*h = -4*h. Suppose -4*x - x + 405 = h. Let v = -6 - -33. What is the highest common divisor of x and v?
27
Suppose -3 = 9*a - 363. Calculate the highest common factor of 1000 and a.
40
Suppose -3*y = -2*y + 2*x, 2*y + 3*x = 0. Suppose 5*s - 5 - 65 = y. Suppose -92 - 160 = -6*z. What is the highest common divisor of z and s?
14
Suppose -4*f = -0*f + 4*t, -4*f - 3*t = -3. Suppose f*h - 6 = 2*h + y, -h + 2*y + 5 = 0. Let j = h + -5. What is the highest common factor of 10 and j?
2
Let m = 0 + 11. Let h = 2 - m. Let a = 8 - h. Calculate the highest common divisor of 34 and a.
17
Suppose 13*g - 50 = 54. Let p = 42 - 2. What is the highest common factor of p and g?
8
Let o = -1 + 4. Suppose 2*a - 2*w = -w - 63, -4*a + 5*w - 123 = 0. Let r(m) = 2*m + 79. Let s be r(a). What is the greatest common factor of s and o?
3
Let w = 3 + 36. Suppose 3*g = -2*g - 3*v + 57, -3*g + w = -3*v. What is the highest common divisor of 6 and g?
6
Suppose -24*d + 52 = -548. Calculate the greatest common factor of 10 and d.
5
Suppose -s + 13*s = 108. What is the greatest common divisor of 63 and s?
9
Let t = -523 + 761. What is the greatest common factor of t and 68?
34
Suppose -2*t + 227 = 2*k - 5*t, 4*k - 4*t - 456 = 0. Let l be ((-215)/(-15) - -1)*(4 - 1). Calculate the highest common factor of k and l.
23
Let o = -307 + 340. Calculate the greatest common factor of 231 and o.
33
Suppose -69 = -7*c + 71. Calculate the greatest common factor of 90 and c.
10
Suppose 0 = 10*r - 49 - 21. Suppose r*a - 1080 = -a. Calculate the highest common factor of 54 and a.
27
Let s = -33 - -61. Suppose 24*g = s*g - 420. What is the highest common divisor of g and 70?
35
Suppose 18 = -2*c - p, 5*p + 9 = c + p. Let k(o) = -6*o - 27. Let v be k(c). Calculate the highest common factor of 75 and v.
15
Let g = -35 - -69. Suppose -5*i = 3*t - 1034, 2*i - 346 = -t - 0*i. Suppose 5*z = t + 87. What is the highest common divisor of g and z?
17
Suppose 0 = 2*m - 38 + 2. Suppose -7*s + 10*s = 63. Let n = s - -24. Calculate the greatest common divisor of n and m.
9
Let y be (2 + (-12)/10)/((-36)/(-90)). Suppose 5*w = -0*v + 5*v - 15, -50 = -5*v - y*w. Let u = 77 - 13. What is the greatest common divisor of u and v?
8
Let y be (8/(-6))/((-6 - -12)/(-1134)). What is the greatest common factor of 63 and y?
63
Let c(r) = -r**2 - 7*r - 5. Let m be c(-5). Suppose 5*n - 3*i = 20, m*i = -2*n + 7 + 1. Let z be 4/2 + -1 + n. What is the highest common factor of z and 20?
5
Let m be (-3)/9*-2234 + 26/(-39). What is the greatest common factor of 72 and m?
24
Suppose -12 = -2*t + 18. Let r(z) = 2*z**2 - 3*z + 10. Let f = -22 + 26. Let d be r(f). Calculate the greatest common divisor of d and t.
15
Let n be (-31)/2*-16 - -2. Suppose 1685 + 4165 = 117*v. Calculate the highest common divisor of v and n.
50
Suppose 5*x - 194 = -69. Let i(n) = n**3 + 8*n**2 - 9*n + 22. Let k be i(-9). Let r = -12 + k. Calculate the greatest common factor of x and r.
5
Let i(z) = -3*z**2 + 55*z. Let x be i(13). Calculate the highest common factor of 2184 and x.
104
Suppose -199 = -5*a - 4*l + 161, a - 56 = -4*l. What is the highest common factor of a and 57?
19
Let z(y) = 18*y - 20. Let l be (6/8)/(1/8). Let a be z(l). What is the highest common divisor of a and 220?
44
Suppose -20*t - 12 = -24*t, 4*k - t = 413. Calculate the highest common factor of k and 182.
26
Suppose -2*y + 742 = 5*y. Suppose -2*d + 4*a + 74 = -y, 5*d - 489 = -3*a. Calculate the greatest common factor of 64 and d.
32
Suppose y = 3*g - 29, -y - 2*g - 14 + 5 = 0. Let c = y + 19. Let o = 12 + c. Calculate the greatest common divisor of 21 and o.
7
Let f = -21 - -55. Suppose -p + 52 + 21 = 0. Suppose 3*k + k - p = -g, -4*k + 5*g + 43 = 0. Calculate the highest common divisor of f and k.
17
Let g be (-12 - -11 - -7)*6. Calculate the highest common factor of g and 96.
12
Let v(q) = 2*q**2 - 29*q. Let i be v(26). Calculate the greatest common factor of 26 and i.
26
Suppose d + 5 - 7 = 0. Suppose 3*i + 35 = -d*i. Let m(z) = -z - 6. Let t be m(i). Calculate the highest common divisor of 2 and t.
1
Let b(x) = 2*x**3 + x**2 + x - 1. Let n be b(1). Suppose 25 = -n*q + 457. Calculate the highest common factor of q and 16.
16
Let c be (-10 + -2)*4/6 - -4. Let d = c - -8. Calculate the greatest common divisor of 76 and d.
4
Let h(y) = -y**2 - 35*y + 174. Let l be h(-34). What is the highest common factor of 16 and l?
16
Let c(s) = -s**3 + 6*s**2 - 4*s - 3. Let u be c(3). Suppose -15*l + u*l = -6. Calculate the highest common divisor of 2 and l.
2
Let i(b) = b**2 - 8*b + 13. Let s be i(10). Let q be 6/s + (-180)/22. Let x = q - -116. Calculate the highest common factor of 12 and x.
12
Suppose d = 4*d - 324. Let g be 1415/20 - (-70)/56. What is the greatest common factor of g and d?
36
Suppose 8 = 3*q - 1. What is the greatest common divisor of 11 and q?
1
Let g = 27 - 23. Let c(h) = -h**3 - 9*h**2 - 10*h + 4. Let m be c(-8). Calculate the highest common divisor of m and g.
4
Let r be 1/(-9) + (-273)/(-27). Let y be -15*(r/(-6))/(1/1). Calculate the highest common divisor of 15 and y.
5
Let v = 1 + 1. Suppose 0 = -v*p + 5*p + 171. Let r = p - -218. Calculate the highest common factor of r and 23.
23
Let k = 6 - 5. Let z be k + -3 + (8 - 0). Let a be (-3)/((-24)/(-2)) + (-438)/(-24). What is the highest common divisor of z and a?
6
Suppose 0 = 2*c + s - 109 - 197, 5*c - 778 = 4*s. What is the highest common divisor of 44 and c?
22
Let w(x) = 2*x**2 - 13*x + 35. Let m be w(9). What is the greatest common factor of m and 20?
20
Let x(w) = w**2 - w - 6. Let t be x(0). Let z be t/(-30) + (-2)/10. Let p be 1*(-8)/(-2 - z). What is the greatest common divisor of p and 1?
1
Suppose -4*u + 3*g = -68, 4*u - g - 76 = -0*u. Suppose 0 = 3*f + u - 290. Calculate the highest common factor of f and 36.
18
Let m = -49 - -100. Suppose -7 + m = 5*s + 3*b, 0 = s + 5*b. Calculate the highest common factor of 10 and s.
10
Suppose -225 = -4*j + 5*q + 105, 0 = j - 3*q - 86. Let y = j + -11. Calculate the highest common divisor of y and 46.
23
Suppose 3*d - 7*d + 12 = 0. Let v = 36 + -6. Suppose -36 = 26*m - v*m. What is the greatest common divisor of m and d?
3
Let m be 5/10 - (-693)/6. Suppose -3*l - 4*n = -m, -5*l + 205 + 23 = -2*n. Let s be (l/(-8))/1*-56. What is the greatest common divisor of 28 and s?
28
Suppose -13*v = -5*v - 152. What is the greatest common divisor of 1 and v?
1
Let x = -12 + 82. Let m be 1 - (0 + 0 - -1). Suppose 4*j + 2*c - 112 = m, 0*c + 28 = j + c. What is the highest common factor of x and j?
14
Let g be 40/14 - (-1)/7. Suppose 77 = z - l - 17, 2*z = g*l + 191. Suppose -4*r = 2*c - 67 + 21, 4*r - 33 = -c. Calculate the greatest common factor of z and c.
13
Suppose 0 = 3*m - 4*q - 860, 13*m - 18*m = 2*q - 1390. What is the greatest common divisor of 616 and m?
56
Let b be -2 + (3/3 - -3). Let w be ((-6)/(-9))/(b/(-126)). Let n = -30 - w. Calculate the greatest common divisor of 30 and n.
6
Suppose j = -3*k + 26, j - 24 = -5*k - 0*k. Let p = j + -47. Let n be p/6 - (-1 - 34). What is the highest common factor of n and 352?
32
Let w(i) = 4*i**2 - 3*i + 5. Let j be w(2). Let q be 6/(-9) - 274/(-6). What is the highest common divisor of j and q?
15
Let p be (780/(-100) + 23)*70/4. What is the highest common divisor of p and 70?
14
Let t be (-1)/(-2) - (-1794)/92. Calculate the greatest common factor of t and 36.
4
Let g = -13 - -15. Suppose 5*s = -g*l + 52, 3*l + l = -16. Calculate the greatest common factor of 4 and s.
4
Suppose -2*a = a - 12. Suppose a*l - 60 - 20 = 0. Let i be l/15*(0 - -3). What is the greatest common divisor of i and 4?
4
Suppose 0 = -7*k + 104 - 13. Let f = k - 24. Let n(t) = -t**3 - 10*t**2 + 9*t - 11. Let i be n(f). What is the highest common divisor of i and 11?
11
Suppose 4*v = 2*y + 104, -36 = 9*v - 11*v - 3*y. Let n be ((-216)/45)/(1/(-5)). Calculate the highest common factor of v and n.
24
Let s(u) = -5*u - 4. Let m be s(-5). Suppose -198*x - 19 = -202*x + 5*z, 5*x = -4*z + 34. What is the highest common divisor of x and m?
3
Let o be -2*((-144)/(-2) - -1). Let k = o + 210. Let i = 21 + -13. What is the greatest common factor of k and i?
8
Let x = -34 + 48. Suppose 10 = 4*r + 3*l - x, 3*r = 3*l - 3. Le